 = 0. What are the prime factors of v?
2, 5
Let b(c) = -14*c - 38. Let v be b(-3). Let l be 1*3 + (2 - 2). Suppose 2*m + v*h - 19 - 39 = 0, l*m + 5*h - 84 = 0. What are the prime factors of m?
23
Suppose -3*v + 12 = 0, v + v + 184 = 3*t. Suppose 3*n - 579 + t = -y, 3*n = 5*y + 521. List the prime factors of n.
2, 43
Suppose -d - 3*d = -2*x - 12, -4*d = 5*x + 2. Let r be ((-1)/x)/(18/(-972)). Let j = r + 90. What are the prime factors of j?
3, 7
List the prime factors of 909 - (-4 - (-3 - 9)).
17, 53
Suppose k - 29*h = -28*h + 1423, -10 = 5*h. What are the prime factors of k?
7, 29
Let o(m) = m**2 + 13*m**2 - 8*m**2 - 7*m**2 - 9*m**3. Let r be 3/(-18)*-3*-2. List the prime factors of o(r).
2
Let a be -3 + (1 - 5) + 3. List the prime factors of (-146)/((4 - 2) + a).
73
Let d be (66/8 + -9)*(-4)/1. Suppose 0 = -3*p - d*n + 783, -n - 304 = -2*p + 218. List the prime factors of p.
3, 29
Let p be (1*20/4)/1. Suppose 4*a - 64 = 3*z, -p*z + 9 = -3*a + 57. List the prime factors of a.
2
Suppose 2*q + 9 + 1 = 0. What are the prime factors of (-2)/q - 2499/(-15)?
167
Suppose -d + 4*z + z = 75, -4*z = d + 84. Suppose -j = -63 - 59. Let y = j + d. List the prime factors of y.
2, 3, 7
Suppose -r = -8*y + 5*y - 94, 0 = -3*y + 4*r - 106. List the prime factors of (-822)/y + (-4)/10.
3
Suppose -4*y + 3*x + 9035 = 0, 30*y - 27*y = -4*x + 6795. List the prime factors of y.
7, 17, 19
Let h = -41 - -81. Suppose 2*s + 260 = 5*b - s, -b + h = -3*s. What are the prime factors of b?
5, 11
Suppose 0 = g - 5, -5*f = g - 804 - 6. Let w = f - 103. List the prime factors of w.
2, 29
Let z = 182 - 65. Let h be z/(-12)*48/(-9). Suppose 3*q - h = q. List the prime factors of q.
2, 13
Suppose 9*x - 10*x + 1998 = l, 0 = -3*l - 2*x + 5998. List the prime factors of l.
2, 7, 11, 13
Let d(t) = -t**3 + 9*t**2 + 14*t - 3. Suppose -3*s = -s - 20. Let m = 0 + s. What are the prime factors of d(m)?
37
List the prime factors of (-17 + -19 + 6)*(-298)/6.
2, 5, 149
Let z = 419 + -37. List the prime factors of z.
2, 191
Let k(v) = 234*v**2 - 8*v - 15. What are the prime factors of k(-2)?
937
Let y = -31 - -36. Suppose -4*q = -4*x + 156, y*q - 21 = -2*x + x. What are the prime factors of x?
2, 3
Suppose 3*u + 33*k - 38*k = 599, 4*u - 807 = 5*k. List the prime factors of u.
2, 13
Suppose -3*d + 999 = -2*d + 3*q, -3931 = -4*d + q. List the prime factors of d.
2, 3, 41
Suppose -1147 = -6*k + 95. Suppose 29*z = 30*z - k. What are the prime factors of z?
3, 23
Let i(a) = -13*a - 45. List the prime factors of i(-50).
5, 11
Suppose 644 = 6*n - 352. Suppose 248 = 6*g - n. List the prime factors of g.
3, 23
List the prime factors of (26/8)/(-2 + 825/412).
13, 103
Let r = 33 - 18. Let h be (-1 - -2) + 9 + 0. List the prime factors of (-6)/h - (-99)/r.
2, 3
Let t = -2272 - -5042. What are the prime factors of t?
2, 5, 277
Let v = 1848 + -1106. What are the prime factors of v?
2, 7, 53
Suppose 6*u + 0*u = 702. List the prime factors of 1 + -5 + 1 + u.
2, 3, 19
Suppose -15*h + 18*h = 4*j + 4010, -5*j + 6625 = 5*h. What are the prime factors of h?
2, 5, 7, 19
Let u be 1020/75 - 2/(-5). Let c = u - 7. List the prime factors of c.
7
Let a = -2616 - -3800. List the prime factors of a.
2, 37
Let v = -1358 + 3172. What are the prime factors of v?
2, 907
Let m = -2843 + 4221. List the prime factors of m.
2, 13, 53
Suppose -21*d + 20*d = 0. Suppose -p = -d*p - 65. List the prime factors of p.
5, 13
Let k be (-8)/(-16)*2*2. Suppose -33 = -k*u + u. Suppose 4*p - u = 35. List the prime factors of p.
17
Let l(v) = -v**3 + 9*v**2 - 3*v + 15. Suppose -6*z + z = f - 37, z - 4*f = 20. List the prime factors of l(z).
5, 11
Let z(s) = 4*s**2 + 2*s + 1. Let b be z(7). Suppose -i = -4*t - 209, -4*t + 6 = 3*i + b. Let d = t + 84. What are the prime factors of d?
2
Let a(u) = 17*u**3 - 4*u**2 + 20*u - 21. List the prime factors of a(4).
3, 19
Let z be (-6)/(0 - 1) - 3. Let v(j) = 4 - 8 - 8*j + z. What are the prime factors of v(-2)?
3, 5
Suppose -4*f = 4*f - 40. Let j = f - -2. What are the prime factors of j?
7
Let g(l) = -1. Let m(f) = 4*f - 6. Let h(o) = -5*o + 6. Let u(y) = -3*h(y) - 4*m(y). Let v(d) = -3*g(d) - u(d). List the prime factors of v(7).
2
Let t = -10 + 18. Let g = -5 + t. What are the prime factors of (g/(-1))/(-3)*11?
11
Let z(h) = -4*h**3 + 7*h**2 - 2*h - 28. Let r(s) = 5*s**3 - 8*s**2 + s + 29. Let t(y) = -5*r(y) - 6*z(y). List the prime factors of t(-6).
5
Suppose 0 = -2*p - 2*p + 92. List the prime factors of (2/3)/(((-207)/(-2052))/p).
2, 19
Suppose f = -5*j + 19, 0*j - 2*j + 3*f - 6 = 0. Suppose -s = -3*c - 135, -262 = -2*s - j*c + c. List the prime factors of s.
2, 3, 11
Let j = 401 + -199. Suppose 26 = -4*o + j. List the prime factors of o.
2, 11
Suppose -16*x + 8325 = -11691. List the prime factors of x.
3, 139
Suppose 2*w - u - 319 = 0, w - 187 = 4*u - 9*u. Suppose 62 = -2*x + w. What are the prime factors of x?
2, 5
Let m = 856 - 274. What are the prime factors of m?
2, 3, 97
Let r = 1742 - 569. Suppose 2*x = -0*d - 5*d + r, -5*d = 5*x - 1185. What are the prime factors of d?
233
Suppose -2*m - q + 2491 = 1033, m + 5*q - 729 = 0. What are the prime factors of m?
3
Let x be ((3 - 3) + -2)/((-8)/1544). Suppose 5*i + 5*n - 299 = x, -i = 5*n - 117. List the prime factors of i.
2, 71
Suppose 6*k - 7*k + 36 = 0. Suppose 0 = 3*w - 0*w - k. What are the prime factors of w?
2, 3
Suppose -3*t = -3*p + 7 + 5, -2*p + 20 = 4*t. Let u be (136/p)/((-17)/(-51)). Suppose -112 = -5*g + u. List the prime factors of g.
2, 3
Suppose 2*h = 3*r + 255, h - 388 = -2*h - r. What are the prime factors of -12 + h - 4*1?
113
Let y = 1545 + -346. List the prime factors of y.
11, 109
Let u(p) = 535*p**2 - 10*p - 13. List the prime factors of u(-2).
19, 113
Suppose 4*m + 2*p = -p + 15, -m - p + 5 = 0. Suppose m = 5*j - 16 + 1. Let a(t) = 2*t**3 + 2*t**2 - 2*t - 2. List the prime factors of a(j).
2
Let v(g) = -g**2 + g + 11. Let u be v(0). Let a(t) = t**3 - 6*t**2 + 6*t - 3. Let o be a(5). Suppose -y + u = o. What are the prime factors of y?
3
Let k = -62 - -103. Suppose 4*i - k = 183. What are the prime factors of i?
2, 7
Let g(j) = 15*j**2 + 2. Let c = -35 + 36. What are the prime factors of g(c)?
17
Suppose -3*k = n - 12, -2*n = 2*k + 2 - 18. Let s(f) = f**2 + f + 14. What are the prime factors of s(n)?
2, 7
Suppose 4 + 8 = 4*q. Suppose -x + 0*x + 54 = q*c, 0 = 3*x + c - 154. List the prime factors of x.
3, 17
Let o(f) = -693*f + 17. List the prime factors of o(-6).
5, 167
Let i(j) = -2*j**3 - 2*j**2 - 1. Let k be i(-2). Let s = k - 2. List the prime factors of (-3)/5 + 153/s.
2, 3, 5
Let c be 0 + (15 - 2) - 0/1. Suppose 253 = 4*n + c. What are the prime factors of n?
2, 3, 5
Let o(h) be the first derivative of -h**4/4 + h**3 + h**2/2 - 3*h + 4. What are the prime factors of o(2)?
3
Let c(o) = -30*o - 4. Let t be c(-2). Suppose t*x = 51*x + 410. What are the prime factors of x?
2, 41
Let y = 1043 + -158. Suppose 7*j = -297 + y. List the prime factors of j.
2, 3, 7
Let s = -23390 - -14786. List the prime factors of (-3)/(-2)*s/(-54).
239
Let l be -2*(3/24 + 33/(-8)). Suppose -l*v = -6*v - 230. List the prime factors of v.
5, 23
Let z(w) = -w**2 + 8*w - 10. Let c be z(10). Let p be (10/25 + 0)*c. Let j(r) = -r**3 - 12*r**2 - 4*r - 12. List the prime factors of j(p).
2, 3
Suppose -949 = -3*f + 233. Suppose 5*k - 66 = f. What are the prime factors of k?
2, 23
Let w be (6 - 114/18) + (-20)/(-6). Suppose -3*l - i = -0*l - 471, -w*l - 3*i + 471 = 0. List the prime factors of l.
157
Let k = 901 + -500. What are the prime factors of k?
401
Suppose -3*d + 16*d = 20085. What are the prime factors of d?
3, 5, 103
Let g(l) = 45*l - 31. Let k be g(-8). Let c = -249 - k. What are the prime factors of c?
2, 71
Suppose 0 = 5*w - 23*y + 21*y - 5074, -4*w + 4*y = -4052. What are the prime factors of w?
2, 127
Suppose 2*a = 2 + 4. Let p be 28/(-266) + (-2)/(-19). Let v = p + a. List the prime factors of v.
3
Suppose -26*y - 2*q = -21*y - 10406, 5*y - 2*q - 10394 = 0. List the prime factors of y.
2, 5, 13
Suppose -16*y + 11*y = 70. Let t = y - -16. Suppose 2*f = -t*f + 96. List the prime factors of f.
2, 3
Let k(m) = -m**2 - 33*m - 65. List the prime factors of k(-24).
151
Let a be 1*(-5 - -3) + -4. Let n be a/15 + (-22)/(-5). Suppose -38 = 